 15*l**2 - 1794*l + 14493. What is p(8)?
77
Let j(x) = -16*x**2 + 195*x - 805. What is j(8)?
-269
Let o(a) = a**3 - 26*a**2 + 910*a - 27198. Determine o(28).
-150
Let x(h) = -252*h**2 + 12353*h - 228. Determine x(49).
17
Let v(z) = 2296*z + 11505. Determine v(-5).
25
Let o(y) = -y**2 - 373*y - 27928. Give o(-103).
-118
Let d(y) = 3*y**2 - 1053*y - 9447. Determine d(-9).
273
Let v(u) = -3510*u + 2130556. Calculate v(607).
-14
Let b(t) = -1374*t - 8495. Determine b(-6).
-251
Let n(d) = -43*d**2 - 4978*d - 318. What is n(-116)?
-1478
Let t(c) = -704*c**2 - 2423*c - 956. Determine t(-3).
-23
Let m(o) = -5450*o - 53557. Calculate m(-10).
943
Let u(l) = l**2 + 34604*l + 1209913. Give u(-35).
-2
Let n(f) = f**2 + 1217*f + 32435. What is n(-27)?
305
Let s(h) = 221*h + 3733. Give s(-18).
-245
Let d(v) = -v**2 + 216*v - 10230. Calculate d(68).
-166
Let s(y) = 3*y**3 + 130*y**2 - 79*y + 923. Determine s(-44).
527
Let q(p) = -p**3 + 143*p**2 + 451*p - 84033. Determine q(142).
173
Let q(c) = 24466*c + 220199. Determine q(-9).
5
Let v(n) = n**2 - 21288*n + 1781134. Give v(84).
-2
Let b(t) = -t**3 - 105*t**2 + 564*t + 1422. Give b(-110).
-118
Let v(o) = 291*o - 108259. Determine v(372).
-7
Let n(o) = 279371*o + 2234965. Calculate n(-8).
-3
Let g(t) = -12*t**2 + 772*t + 246336. Determine g(179).
32
Let i(b) = b**2 - 126*b - 1800. Determine i(-15).
315
Let j(t) = -71*t - 1168. What is j(-6)?
-742
Let b(k) = 105*k**2 - 173*k + 171. Determine b(1).
103
Let i(r) = -r**2 - 51*r + 11166. Give i(-134).
44
Let q(d) = -20*d**2 + 335*d + 238. Determine q(17).
153
Let z(w) = -w**3 - 35*w**2 - 3003*w - 68825. Determine z(-25).
0
Let m(g) = g**3 - 196*g**2 + 234*g - 84908. Give m(197).
-1
Let y(r) = 9*r**3 - 606*r**2 - 30*r + 57. Calculate y(0).
57
Let u(z) = 2*z**3 - 71*z**2 + 648*z - 489. Give u(19).
-90
Let d(s) = 2*s**2 - 261*s - 324. What is d(135)?
891
Let j(h) = 432*h**2 + 33620*h - 6018. Determine j(-78).
-90
Let w(n) = -n**3 - 88*n**2 - 797*n - 780. What is w(-9)?
-6
Let l(j) = 2*j**3 - 17*j**2 - 1590*j + 15737. Give l(10).
137
Let z(y) = -7625*y - 61293. Give z(-8).
-293
Let f(y) = -20093*y - 32550651. Calculate f(-1620).
9
Let t(r) = r**2 - 318*r + 2124. What is t(7)?
-53
Let j(h) = 113544*h + 681207. Determine j(-6).
-57
Let s(f) = 112*f**2 + 38331*f + 9250. What is s(-342)?
16
Let h(l) = 1531*l**2 - 6125*l - 1. Calculate h(4).
-5
Let v(j) = -121*j - 14485. Give v(-119).
-86
Let i(s) = -167*s**2 + 145*s + 1. Give i(2).
-377
Let k(r) = 43892*r + 526702. What is k(-12)?
-2
Let i(z) = -5668*z - 192387. Determine i(-34).
325
Let j(s) = -4*s**2 - 3481*s - 3481. Calculate j(-1).
-4
Let f(d) = -d**3 + 39*d**2 - 7*d + 2416. Determine f(40).
536
Let v(m) = -2*m**3 + 866*m**2 - 5085*m - 16648. Give v(427).
5
Let y(v) = 5*v**3 + 238*v**2 + 792*v + 7. What is y(-44)?
7
Let z(s) = -2*s**3 + 4*s**2 - 24*s - 54. Determine z(7).
-712
Let n(z) = z**3 - 33*z**2 + 4179*z - 148757. Calculate n(35).
-42
Let r(w) = -4021*w + 1668714. Calculate r(415).
-1
Let r(b) = -21*b**2 + 3251*b - 2364. Calculate r(154).
254
Let k(q) = -364*q - 2084. What is k(-6)?
100
Let m(z) = 7981*z**2 - 63846*z - 18. Determine m(8).
-2
Let d(v) = 19049*v - 266676. What is d(14)?
10
Let a(p) = p**2 + 9932*p + 14427555. Determine a(-1767).
0
Let c(s) = -2*s**3 - 21*s**2 - 1817*s - 7109. What is c(-4)?
-49
Let u(h) = 169*h + 290. What is u(-3)?
-217
Let a(o) = -37*o**2 + 843*o + 74819. Calculate a(-35).
-11
Let c(k) = 21*k**3 - 1409*k**2 + 43*k + 6111. Determine c(67).
14
Let g(i) = -597*i - 2903. Calculate g(-5).
82
Let f(g) = -4*g**3 + 109*g**2 + 950*g - 45. What is f(-7)?
18
Let s(b) = -4*b**2 + 681*b - 10033. Give s(15).
-718
Let y(l) = -2*l**3 + 355*l**2 + 166*l + 2003. Determine y(178).
-133
Let r(s) = -3*s**2 - 325*s + 3343. What is r(-116)?
675
Let d(r) = -59273*r - 3022948. What is d(-51)?
-25
Let t(g) = -4555*g + 31815. Determine t(7).
-70
Let v(h) = -h**2 + 46*h + 3641. What is v(-56)?
-2071
Let n(r) = r**3 - 53*r**2 - 1953*r + 339. Calculate n(78).
105
Let n(j) = 57*j**2 - 19443*j + 59833. Give n(338).
7
Let r(q) = -56*q**2 + 147*q - 19. What is r(7)?
-1734
Let x(v) = 7*v**2 + 1447*v - 15219. Give x(10).
-49
Let t(f) = f**3 - 103*f**2 - 106*f - 335. Give t(104).
-543
Let a(p) = -p**3 - 127*p**2 + 312*p + 1741. Calculate a(5).
1
Let o(a) = 347*a**2 + 16311*a + 100. Determine o(-47).
6
Let m(n) = 15501*n - 139502. Calculate m(9).
7
Let c(p) = 68*p**2 - 612*p + 56. Give c(9).
56
Let f(k) = 4*k**3 + 687*k**2 + 25112*k + 368. Determine f(-119).
11
Let x(v) = 2*v**3 + 796*v**2 - 6498*v. What is x(8)?
-16
Let b(g) = -566*g - 14740. Calculate b(-26).
-24
Let n(u) = 164*u**2 + 1731*u + 117. What is n(-12)?
2961
Let r(h) = -20*h**3 - 1319*h**2 + 557*h + 32387. Determine r(-66).
-19
Let x(p) = -348*p + 18321. Give x(53).
-123
Let m(z) = -10337*z + 9944242. What is m(962)?
48
Let g(d) = -369*d + 11918. Determine g(33).
-259
Let i(m) = 3548*m + 2309750. Give i(-651).
2
Let m(g) = -194*g**3 - 3689*g**2 - 52*g - 30. Give m(-19).
-125
Let z(y) = 5095166*y - 45856503. What is z(9)?
-9
Let o(x) = -x**3 + 60*x**2 - 275*x + 2860. Calculate o(56).
4
Let o(d) = -d**3 + 500*d**2 - 2525*d + 1262483. Determine o(500).
-17
Let a(t) = 9876*t**2 - 217282*t + 44. What is a(22)?
-176
Let y(v) = 13*v**3 - 51*v**2 - 8*v - 13. Determine y(4).
-29
Let c(i) = i**2 + 30453*i + 304424. Give c(-10).
-6
Let x(p) = -1620*p + 17826. Give x(11).
6
Let w(f) = -7187*f + 1192951. Calculate w(166).
-91
Let w(z) = 422*z**3 - 188*z**2 - 170*z + 18. Determine w(-1).
-422
Let r(n) = -105*n + 16756. Determine r(159).
61
Let h(z) = 119*z + 28903. Calculate h(-243).
-14
Let x(q) = 369457*q - 369411. Calculate x(1).
46
Let i(g) = -2423*g + 329544. Calculate i(136).
16
Let d(t) = 12*t**3 - 31*t**2 - 92*t + 92. Calculate d(-4).
-804
Let b(f) = 2*f**2 + 45*f - 17976. Calculate b(79).
-1939
Let m(t) = -112201*t + 112102. Determine m(1).
-99
Let q(s) = 1157*s - 5829. Give q(5).
-44
Let g(d) = d**3 - 3*d**2 - 10*d - 78. Calculate g(10).
522
Let i(p) = p**3 - 10*p**2 - 80*p + 28. Determine i(16).
284
Let i(o) = 26*o + 1724. Determine i(-184).
-3060
Let n(o) = -91*o**2 - 451*o - 323. Give n(-4).
25
Let m(i) = 25*i**2 + 866*i + 840. Give m(-1).
-1
Let b(x) = 4*x**2 + 488*x + 3641. What is b(-114)?
-7
Let x(h) = 11*h**2 - 2518*h + 28438. What is x(217)?
11
Let p(q) = -q**3 + 18*q**2 - 70*q - 290. What is p(-4)?
342
Let k(d) = 20777*d - 1537491. Determine k(74).
7
Let v(c) = -10611*c - 572939. Give v(-54).
55
Let c(b) = 41604*b - 19678670. What is c(473)?
22
Let w(l) = 39481*l**2 - 118403*l + 7. Give w(3).
127
Let v(h) = -h**2 - 100*h + 3708. Calculate v(30).
-192
Let t(h) = 21036*h - 63233. What is t(3)?
-125
Let r(a) = -226*a + 4655. Give r(39).
-4159
Let m(l) = l**3 - 86*l**2 + 1850*l - 227. Calculate m(40).
173
Let u(d) = -27*d**2 - 2568*d + 20498. What is u(8)?
-1774
Let o(t) = -t**3 + 495*t**2 - 27*t + 13107. Determine o(495).
-258
Let l(y) = 1293*y - 3947. Calculate l(3).
-68
Let k(y) = 370455*y + 8150006. Calculate k(-22).
-4
Let x(j) = 15406*j + 6131598. Calculate x(-398).
10
Let d(f) = -2553*f + 1120538. What is d(439)?
-229
Let u(y) = -y**3 + 65*y**2 + 433*y - 380. What is u(71)?
117
Let q(w) = 5*w**2 + 1212*w + 20213. Calculate q(-18).
17
Let a(c) = 5*c**2 - 118*c - 2. What is a(7)?
-583
Let k(p) = -762*p + 32766. What is k(43)?
0
Let s(b) = -b**3 + 216*b**2 - 238*b + 5352. Give s(215).
407
Let t(g) = g**3 - 76*g**2 + 6*g + 1470. What is t(0)?
1470
Let w(d) = 20*d**3 + 33*d**2 - 112*d. What is w(3)?
501
Let w(t) = 11847*t - 355425. Calculate w(30).
-15
Let t(v) = v**3 + 15*v**2 - 805*v - 11404. Calculate t(-14).
62
Let m(l) = -69992*l + 5739344. Determine m(82).
0
Let h(k) = -35*k**2 - 11338*k + 709. Give h(-324).
61
Let u(y) = -220*y - 31889. What is u(-145)?
11
Let z(j) = -5*j**2 - 108*j - 307. What is z(-18)?
17
Let f(h) = -11*h**3 + 872*h**2 - 259*h + 1741. Determine f(79).
3
Let g(w) = 622*w + 66576. Calculate g(-107).
22
Let b(u) = -95*u - 13045. What is b(-125)?
-1170
Let g(k) = -k**2 + 72*k + 280. Give g(-4).
-24
Let h(m) = -2*m**3 + 2151*m**2 + 29385*m + 19591. What is h(1089)?
-11
Let j(z) = z**3 + 2772*z**2 + 125397*z + 57. Give j(-46).
11
Let z(p) = 336*p - 17398. Give z(52).
74
Let v(n) = 1478*n - 9054. Determine v(6).
-186
Let o(v